{"id":566,"date":"2024-02-04T22:53:27","date_gmt":"2024-02-04T22:53:27","guid":{"rendered":"http:\/\/www.cevincit.com\/?page_id=566"},"modified":"2026-04-06T14:43:59","modified_gmt":"2026-04-06T14:43:59","slug":"institut-fort-pius","status":"publish","type":"page","link":"https:\/\/www.cevincit.com\/?page_id=566","title":{"rendered":"Institut Fort Pius"},"content":{"rendered":"\n<p>\u00c9s la instal\u00b7laci\u00f3 que m\u00e9s utilitzem degut a les seves dos pistes, per tant on m\u00e9s equips i tenim entrenant i jugant partits.<\/p>\n\n\n\n<p>Tot seguit podem veure els <strong>entrenaments<\/strong> que es fan durant la setmana:<\/p>\n\n\n\n<p><strong>PISTA DEL TERRAT<\/strong><\/p>\n\n\n\n<figure class=\"wp-block-table is-style-stripes\"><table><tbody><tr><td class=\"has-text-align-center\" data-align=\"center\"><\/td><td class=\"has-text-align-center\" data-align=\"center\"><strong>Dilluns<\/strong><\/td><td class=\"has-text-align-center\" data-align=\"center\"><strong>Dimarts<\/strong><\/td><td class=\"has-text-align-center\" data-align=\"center\"><strong>Dimecres<\/strong><\/td><td class=\"has-text-align-center\" data-align=\"center\"><strong>Dijous<\/strong><\/td><\/tr><tr><td class=\"has-text-align-center\" data-align=\"center\"><strong>17:45h &#8211; 18:45h<\/strong><\/td><td class=\"has-text-align-center\" data-align=\"center\">Pre-Infantil A<\/td><td class=\"has-text-align-center\" data-align=\"center\">Infantil B<\/td><td class=\"has-text-align-center\" data-align=\"center\">Pre-Infantil A<\/td><td class=\"has-text-align-center\" data-align=\"center\">Infantil B<\/td><\/tr><tr><td class=\"has-text-align-center\" data-align=\"center\"><strong>18:45h &#8211; 19:45h<\/strong><\/td><td class=\"has-text-align-center\" data-align=\"center\">Infantil Femen\u00ed A<\/td><td class=\"has-text-align-center\" data-align=\"center\">Alev\u00ed A<\/td><td class=\"has-text-align-center\" data-align=\"center\">Infantil Femen\u00ed A<\/td><td class=\"has-text-align-center\" data-align=\"center\">Alev\u00ed A<\/td><\/tr><tr><td class=\"has-text-align-center\" data-align=\"center\"><strong>19:45h &#8211; 20:45h<\/strong><\/td><td class=\"has-text-align-center\" data-align=\"center\">Juvenil C<\/td><td class=\"has-text-align-center\" data-align=\"center\">Infantil D<\/td><td class=\"has-text-align-center\" data-align=\"center\">Juvenil C<\/td><td class=\"has-text-align-center\" data-align=\"center\">Infantil D<\/td><\/tr><\/tbody><\/table><\/figure>\n\n\n\n<p><strong>PISTA DE BAIX<\/strong><\/p>\n\n\n\n<figure class=\"wp-block-table is-style-stripes\"><table><tbody><tr><td class=\"has-text-align-center\" data-align=\"center\"><\/td><td class=\"has-text-align-center\" data-align=\"center\"><strong>Dilluns<\/strong><\/td><td class=\"has-text-align-center\" data-align=\"center\"><strong>Dimarts<\/strong><\/td><td class=\"has-text-align-center\" data-align=\"center\"><strong>Dimecres<\/strong><\/td><td class=\"has-text-align-center\" data-align=\"center\"><strong>Dijous<\/strong><\/td><\/tr><tr><td class=\"has-text-align-center\" data-align=\"center\"><strong>17:15h &#8211; 18:15h<\/strong><\/td><td class=\"has-text-align-center\" data-align=\"center\">Alev\u00ed C<\/td><td class=\"has-text-align-center\" data-align=\"center\">Alev\u00ed B<\/td><td class=\"has-text-align-center\" data-align=\"center\">Alev\u00ed C<\/td><td class=\"has-text-align-center\" data-align=\"center\">Alev\u00ed B<\/td><\/tr><tr><td class=\"has-text-align-center\" data-align=\"center\"><strong>18:15h &#8211; 19:15h<\/strong><\/td><td class=\"has-text-align-center\" data-align=\"center\">Pre-Infantil B<\/td><td class=\"has-text-align-center\" data-align=\"center\">Cadet E<\/td><td class=\"has-text-align-center\" data-align=\"center\">Pre-Infantil B<\/td><td class=\"has-text-align-center\" data-align=\"center\">Cadet E<\/td><\/tr><\/tbody><\/table><\/figure>\n\n\n\n<p><\/p>\n\n\n\n<figure class=\"wp-block-image size-large\"><img fetchpriority=\"high\" decoding=\"async\" width=\"1024\" height=\"577\" src=\"https:\/\/www.cevincit.com\/wp-content\/uploads\/2024\/02\/WhatsApp-Image-2024-02-05-at-11.46.38-1024x577.jpeg\" alt=\"\" class=\"wp-image-603\" srcset=\"https:\/\/www.cevincit.com\/wp-content\/uploads\/2024\/02\/WhatsApp-Image-2024-02-05-at-11.46.38-1024x577.jpeg 1024w, https:\/\/www.cevincit.com\/wp-content\/uploads\/2024\/02\/WhatsApp-Image-2024-02-05-at-11.46.38-300x169.jpeg 300w, https:\/\/www.cevincit.com\/wp-content\/uploads\/2024\/02\/WhatsApp-Image-2024-02-05-at-11.46.38-768x432.jpeg 768w, https:\/\/www.cevincit.com\/wp-content\/uploads\/2024\/02\/WhatsApp-Image-2024-02-05-at-11.46.38-1536x865.jpeg 1536w, https:\/\/www.cevincit.com\/wp-content\/uploads\/2024\/02\/WhatsApp-Image-2024-02-05-at-11.46.38.jpeg 1600w\" sizes=\"(max-width: 1024px) 100vw, 1024px\" \/><\/figure>\n\n\n\n<p>Tot seguit podem veure els <strong>partits<\/strong> que es fan els divendres:<\/p>\n\n\n\n<p><strong> PISTA DE BAIX<\/strong><\/p>\n\n\n\n<figure class=\"wp-block-table is-style-stripes\"><table><tbody><tr><td class=\"has-text-align-center\" data-align=\"center\"><\/td><td class=\"has-text-align-center\" data-align=\"center\"><strong>Setmana 1<\/strong><\/td><td class=\"has-text-align-center\" data-align=\"center\"><strong>Setmana 2<\/strong><\/td><\/tr><tr><td class=\"has-text-align-center\" data-align=\"center\"><strong>18h<\/strong><\/td><td class=\"has-text-align-center\" data-align=\"center\"><\/td><td class=\"has-text-align-center\" data-align=\"center\"><\/td><\/tr><tr><td class=\"has-text-align-center\" data-align=\"center\"><strong>19h<\/strong><\/td><td class=\"has-text-align-center\" data-align=\"center\"><\/td><td class=\"has-text-align-center\" data-align=\"center\"><\/td><\/tr><\/tbody><\/table><\/figure>\n\n\n\n<figure class=\"wp-block-image size-large\"><img decoding=\"async\" width=\"1024\" height=\"576\" src=\"https:\/\/www.cevincit.com\/wp-content\/uploads\/2024\/02\/WhatsApp-Image-2024-02-05-at-11.45.53-1024x576.jpeg\" alt=\"\" class=\"wp-image-604\" srcset=\"https:\/\/www.cevincit.com\/wp-content\/uploads\/2024\/02\/WhatsApp-Image-2024-02-05-at-11.45.53-1024x576.jpeg 1024w, https:\/\/www.cevincit.com\/wp-content\/uploads\/2024\/02\/WhatsApp-Image-2024-02-05-at-11.45.53-300x169.jpeg 300w, https:\/\/www.cevincit.com\/wp-content\/uploads\/2024\/02\/WhatsApp-Image-2024-02-05-at-11.45.53-768x432.jpeg 768w, https:\/\/www.cevincit.com\/wp-content\/uploads\/2024\/02\/WhatsApp-Image-2024-02-05-at-11.45.53-1536x864.jpeg 1536w, https:\/\/www.cevincit.com\/wp-content\/uploads\/2024\/02\/WhatsApp-Image-2024-02-05-at-11.45.53.jpeg 1920w\" sizes=\"(max-width: 1024px) 100vw, 1024px\" \/><\/figure>\n\n\n\n<p><strong> PISTA DEL TERRAT<\/strong><\/p>\n\n\n\n<figure class=\"wp-block-table is-style-stripes\"><table><tbody><tr><td class=\"has-text-align-center\" data-align=\"center\"><\/td><td class=\"has-text-align-center\" data-align=\"center\"><strong>Setmana 1<\/strong><\/td><td class=\"has-text-align-center\" data-align=\"center\"><strong>Setmana 2<\/strong><\/td><\/tr><tr><td class=\"has-text-align-center\" data-align=\"center\"><strong>18h<\/strong><\/td><td class=\"has-text-align-center\" data-align=\"center\"><\/td><td class=\"has-text-align-center\" data-align=\"center\"><\/td><\/tr><tr><td class=\"has-text-align-center\" data-align=\"center\"><strong>19h<\/strong><\/td><td class=\"has-text-align-center\" data-align=\"center\"><\/td><td class=\"has-text-align-center\" data-align=\"center\"><\/td><\/tr><tr><td class=\"has-text-align-center\" data-align=\"center\"><strong>20h<\/strong><\/td><td class=\"has-text-align-center\" data-align=\"center\"><\/td><td class=\"has-text-align-center\" data-align=\"center\"><\/td><\/tr><\/tbody><\/table><\/figure>\n","protected":false},"excerpt":{"rendered":"<p>\u00c9s la instal\u00b7laci\u00f3 que m\u00e9s utilitzem degut a les seves dos pistes, per tant on m\u00e9s equips i tenim entrenant i jugant partits. Tot seguit podem veure els entrenaments que es fan durant la setmana: PISTA DEL TERRAT Dilluns Dimarts Dimecres Dijous 17:45h &#8211; 18:45h Pre-Infantil A Infantil B Pre-Infantil A Infantil B 18:45h &#8211; [&hellip;]<\/p>\n","protected":false},"author":1,"featured_media":0,"parent":0,"menu_order":0,"comment_status":"closed","ping_status":"closed","template":"","meta":{"footnotes":""},"class_list":["post-566","page","type-page","status-publish","hentry"],"_links":{"self":[{"href":"https:\/\/www.cevincit.com\/index.php?rest_route=\/wp\/v2\/pages\/566","targetHints":{"allow":["GET"]}}],"collection":[{"href":"https:\/\/www.cevincit.com\/index.php?rest_route=\/wp\/v2\/pages"}],"about":[{"href":"https:\/\/www.cevincit.com\/index.php?rest_route=\/wp\/v2\/types\/page"}],"author":[{"embeddable":true,"href":"https:\/\/www.cevincit.com\/index.php?rest_route=\/wp\/v2\/users\/1"}],"replies":[{"embeddable":true,"href":"https:\/\/www.cevincit.com\/index.php?rest_route=%2Fwp%2Fv2%2Fcomments&post=566"}],"version-history":[{"count":41,"href":"https:\/\/www.cevincit.com\/index.php?rest_route=\/wp\/v2\/pages\/566\/revisions"}],"predecessor-version":[{"id":2185,"href":"https:\/\/www.cevincit.com\/index.php?rest_route=\/wp\/v2\/pages\/566\/revisions\/2185"}],"wp:attachment":[{"href":"https:\/\/www.cevincit.com\/index.php?rest_route=%2Fwp%2Fv2%2Fmedia&parent=566"}],"curies":[{"name":"wp","href":"https:\/\/api.w.org\/{rel}","templated":true}]}}